{"id":25,"date":"2016-01-19T10:53:09","date_gmt":"2016-01-19T09:53:09","guid":{"rendered":"http:\/\/www.aggstein.org\/wordpress\/?page_id=25"},"modified":"2016-01-19T10:53:27","modified_gmt":"2016-01-19T09:53:27","slug":"was-sind-wir","status":"publish","type":"page","link":"https:\/\/www.aggstein.org\/?page_id=25","title":{"rendered":"Wer sind wir?"},"content":{"rendered":"<p>Wir sind die Katholisch \u00d6sterreichische Studentenverbindung Aggstein (K.\u00d6.St.V Aggstein). Wir sind eine Verbindung von Sch\u00fclern h\u00f6herer Schulen aus St. P\u00f6lten, die seit \u00fcber 90 Jahren besteht. Eine Studentenverbindung bietet eine Plattform f\u00fcr Sch\u00fcler, sich gemeinsam mit anderen zu engagieren und Leute kennen zu lernen.<\/p>\n<p>Zu Haus sind wir auf unserer Bude in der Kerensstra\u00dfe 12, die der richtige Ort ist um sich mit seinen Bundesbr\u00fcdern zu treffen und sich zu unterhalten, zu lernen oder einfach zu tun was wir gerade wollen.<\/p>\n<p>Als farbtragende Verbindung tragen wir als \u00e4u\u00dfere Zeichen unser schwarz-blau-goldenes Band und unseren gr\u00fcnen Deckel die uns als Gemeinschaft identifizieren.<br \/>\nWas uns als Studentenverbindung auszeichnet ist, dass das Farbstudententum eine \u00fcber 200 j\u00e4hrige Tradition in Europa hat und wir unser Verbindungsleben auf den studentischen Traditionen aufbauen. Darunter z\u00e4hlt, dass wir alle, egal wie alt wir sind, perdu sind und uns &#8222;Bundesbr\u00fcder&#8220; nennen.<\/p>\n<p>Als Mitglied scheidet man nat\u00fcrlich nach dem Abschluss der Schule nicht aus, sondern bleibt wichtiger Teil der Verbindung.<\/p>\n","protected":false},"excerpt":{"rendered":"<p>Wir sind die Katholisch \u00d6sterreichische Studentenverbindung Aggstein (K.\u00d6.St.V Aggstein). Wir sind eine Verbindung von Sch\u00fclern h\u00f6herer Schulen aus St. P\u00f6lten, die seit \u00fcber 90 Jahren besteht. Eine Studentenverbindung bietet eine Plattform f\u00fcr Sch\u00fcler, sich gemeinsam mit anderen zu engagieren und Leute kennen zu lernen. Zu Haus sind wir auf unserer Bude in der Kerensstra\u00dfe 12, &hellip; <a href=\"https:\/\/www.aggstein.org\/?page_id=25\" class=\"more-link\"><span class=\"screen-reader-text\">\u201eWer sind wir?\u201c<\/span> weiterlesen<\/a><\/p>\n","protected":false},"author":2,"featured_media":0,"parent":0,"menu_order":1,"comment_status":"closed","ping_status":"closed","template":"","meta":{"footnotes":""},"class_list":["post-25","page","type-page","status-publish","hentry"],"_links":{"self":[{"href":"https:\/\/www.aggstein.org\/index.php?rest_route=\/wp\/v2\/pages\/25","targetHints":{"allow":["GET"]}}],"collection":[{"href":"https:\/\/www.aggstein.org\/index.php?rest_route=\/wp\/v2\/pages"}],"about":[{"href":"https:\/\/www.aggstein.org\/index.php?rest_route=\/wp\/v2\/types\/page"}],"author":[{"embeddable":true,"href":"https:\/\/www.aggstein.org\/index.php?rest_route=\/wp\/v2\/users\/2"}],"replies":[{"embeddable":true,"href":"https:\/\/www.aggstein.org\/index.php?rest_route=%2Fwp%2Fv2%2Fcomments&post=25"}],"version-history":[{"count":2,"href":"https:\/\/www.aggstein.org\/index.php?rest_route=\/wp\/v2\/pages\/25\/revisions"}],"predecessor-version":[{"id":29,"href":"https:\/\/www.aggstein.org\/index.php?rest_route=\/wp\/v2\/pages\/25\/revisions\/29"}],"wp:attachment":[{"href":"https:\/\/www.aggstein.org\/index.php?rest_route=%2Fwp%2Fv2%2Fmedia&parent=25"}],"curies":[{"name":"wp","href":"https:\/\/api.w.org\/{rel}","templated":true}]}}